 122. Suppose -w*y = -2*x - y + 1404, y = -3*x + 2117. What are the prime factors of x?
3, 5, 47
Let s = 3196 - -7181. What are the prime factors of s?
3, 1153
Suppose 27*c - 22*c = -20, c + 131404 = 4*q. Suppose -q = 5*d - 35*d. What are the prime factors of d?
3, 5, 73
List the prime factors of -4*(-5162 - (36/(-9) + 8)).
2, 3, 7, 41
List the prime factors of ((-1044)/54)/(-3*2/2331).
7, 29, 37
Let p be ((0/1)/7)/(1*-2). Suppose -3*c + 403 = 2*k, p*k = 2*c + 3*k - 277. List the prime factors of c.
131
Let w(l) = 3*l - 5. Let s be w(5). Suppose 8 + 27 = -35*r. Let f = r + s. List the prime factors of f.
3
Let r(u) = -u**2 - 10*u - 22. Let b be r(-4). List the prime factors of 38301/85 + (36/15 - b).
11, 41
Let k(v) = -6843*v - 8304. List the prime factors of k(-6).
2, 3, 53, 103
Suppose -5*m + 8*m - a = -241, -4*m - a - 333 = 0. Let o = 1715 - m. List the prime factors of o.
3, 599
Suppose -20*c + 17*c = -2*o + 91, -128 = 4*c - 4*o. Suppose 8*a - 5*a + 125 = 4*d, 4*d + 109 = -3*a. Let z = c - a. List the prime factors of z.
2, 3
Let g(f) = -f**3 + 2*f**2 + 269*f + 5. List the prime factors of g(15).
5, 223
Let w(j) = 23*j**2 - 48*j - 29. What are the prime factors of w(-18)?
8287
Suppose 7*r + 3*u - 33 = 4*r, 3*r = 4*u - 2. List the prime factors of (-1958)/(-4) + (1 - 15/r).
2, 61
Suppose 2*h = -14*h. Suppose h*g + 3520 = 5*g. What are the prime factors of g?
2, 11
Suppose 5*w + 7*r = -0*w + 90740, 3*w - 54455 = -2*r. What are the prime factors of w?
5, 3631
Suppose -28 + 21 = -7*x. Let m(r) = r**2 - 13*r + 6. Let f be m(13). List the prime factors of (115/10)/(x/f).
3, 23
Let n(j) = -11*j**3 + 224*j**2 + 25*j + 11. List the prime factors of n(18).
5, 1777
Let x(v) = -v**2 + 50*v - 33. Suppose 36 = -10*w + 336. What are the prime factors of x(w)?
3, 7
Suppose 1331*m - 1330*m = 1435. List the prime factors of m.
5, 7, 41
Suppose 3*v - 9 = -2*b, 3*b - 3*v = -2*b - 9. Suppose -7*c + c + 11736 = b. List the prime factors of c.
2, 3, 163
Let o be (-7)/(140/(-8)) + 23/5. Suppose 2*a - 2*z = -z + 8, -a = -o*z - 22. Suppose 34 = a*h - 3*m, 3*h - h - 42 = 5*m. What are the prime factors of h?
11
Let u be (5 - 2)*(0 + 1). Suppose -u*g = 94 - 535. Suppose 0 = -4*d + 189 + g. List the prime factors of d.
2, 3, 7
Suppose -14*t - 19*t = -3*t. Suppose t = 3*h - 2*h - 125. What are the prime factors of h?
5
Suppose -4*w + 35523 - 242608 = -9*w. What are the prime factors of w?
83, 499
Suppose 8*l = 3*l + 15. Let j(u) = 2*u + l + 70*u**2 + 1 - 5 + 0. What are the prime factors of j(1)?
71
Let v(g) = -g**3 - 5*g**2 - 11*g - 7. Let d be v(-2). Suppose d*b - 3*u = 1941, -b - 5*u + 1981 = 2*b. List the prime factors of b.
2, 163
Suppose 3 + 46 = 7*r. Suppose o + 0*q + r = q, 0 = -2*o + q - 16. What are the prime factors of (3 + o)/(2/(-50))?
2, 3, 5
Let a(u) = u**3 + 10*u**2 - 9*u - 8. Let l(i) = i**2 - 1. Let f = -18 - -17. Let k(m) = f*a(m) - 4*l(m). List the prime factors of k(-15).
2, 3, 17
What are the prime factors of 337884/24 + 44/8?
2, 7, 503
Let g(j) = 16816*j**2 - 333*j - 669. List the prime factors of g(-2).
67261
Let r = -33 - -30. Let h be (-2 + -4)/(-6) - r*1. Suppose -i + h*u = -34, -i + 60 = 4*u - 6. What are the prime factors of i?
2, 5
Suppose -11*j + 780 = 15*j. List the prime factors of (j/(-54) + (-2)/(-9))*-48.
2
Suppose 0 = -5*x - 3*x + 2280. Let h = x + -48. What are the prime factors of h?
3, 79
List the prime factors of ((18606/(-56))/(-1))/(4/(3552/9)).
2, 37, 443
Suppose 7*g = -597 + 8171. Let z = g + -688. List the prime factors of z.
2, 197
Let u(b) = 8*b**2 + 5*b - 9. Suppose 70 = 32*f - 27*f. Let a(z) = -4*z + 61. Let o be a(f). What are the prime factors of u(o)?
2, 3
Suppose 2*r - 10698 = -2*g, 15*g - 18*g + 5*r = -16031. List the prime factors of g.
5347
Let r(c) = -5*c + 20. Let h be r(-6). What are the prime factors of 15/h - 10134/(-20)?
3, 13
Let k(r) = r**2 - 129*r + 213. List the prime factors of k(-39).
3, 5, 11, 41
Let d(w) = -3*w**2 - 15*w + 2. Let q be d(-5). Suppose 0 = -5*j - q*k + 2499, 8*k + 505 = j + 11*k. What are the prime factors of j?
499
Let i be 4317*8/36 - 2/6. Suppose 3*h + h - 1288 = 3*f, 3*h - i = 4*f. Let g = -219 + h. What are the prime factors of g?
2, 53
Suppose 5*j - 2*u = 31, 22 + 12 = 5*j - 3*u. Suppose -z - n = -j*n + 45, n = z + 33. What are the prime factors of 45 - z - (0 - 0)?
2, 37
Let c(t) = 260*t**3 - 3*t**2 - 28*t. What are the prime factors of c(4)?
2, 5, 103
Let n = -606 + 699. Suppose n*p - 100*p = -5551. What are the prime factors of p?
13, 61
Let a(x) be the second derivative of -17*x**2 - 3/2*x**3 + 11*x + 0. What are the prime factors of a(-10)?
2, 7
Let i(v) = 139*v**2 - v + 6. Let b be i(-3). Let t = b - 848. List the prime factors of t.
2, 103
What are the prime factors of (-18)/21*(-98)/21 - -23430?
2, 11717
List the prime factors of ((-4)/(-18))/(37/382617).
2, 3, 383
What are the prime factors of (-12)/42 - (4 + (-80520)/21)?
2, 5, 383
Suppose 2948283 = -39*l + 52*l + 210*l. List the prime factors of l.
3, 13, 113
Suppose 0 = i + i - 4*n - 4, 0 = -5*i + 4*n + 16. List the prime factors of 682 - i*25/(-20).
3, 229
Let v = 40 + -42. Let m be v + (-36)/(-21) - (-488)/(-56). Let w(h) = 2*h**2 + 10*h + 6. What are the prime factors of w(m)?
2, 3, 13
Suppose -7*x = -944 - 974. Suppose -6*k + x = -3*k + 2*f, 440 = 5*k - 5*f. Suppose -6*i + 726 = k. List the prime factors of i.
2, 53
Let m(f) be the first derivative of -23 + 5*f**2 + 3*f**3 + 1/4*f**4 + f. List the prime factors of m(-6).
7
Let x(n) be the third derivative of -3*n**6/40 + n**5/60 + 5*n**2. Let p be x(1). List the prime factors of (-8 - p) + 128 + -1.
127
Suppose 892 = -2*f + 3*a, 3*f = 5*a - 2*a - 1335. Let x = f - -845. List the prime factors of x.
2, 3, 67
Let o be -8 + 6 + -2 + 6/1. Suppose o*w + 1237 = 3*i, 4*i = w + 2*w + 1648. List the prime factors of i.
5, 83
Suppose -4*b = -4*f + 24, -5*b - 12 = 16*f - 15*f. List the prime factors of (f - (-477)/2)/((-12)/(-32)).
2, 7, 23
Suppose 50*n = n - 68*n + 11050767. List the prime factors of n.
7, 103, 131
Suppose -2*g = 5*a - 333863, -4*a + 33*g + 267064 = 28*g. List the prime factors of a.
3, 2473
Let x = 33 + -35. Let c be 2652/66 - x/(-11). List the prime factors of (-334)/(-10) - (-24)/c.
2, 17
Suppose 0 = 5*f - 25, -3*x + 0*f = 3*f - 1461. Let s = -21 + x. What are the prime factors of s?
461
Suppose 0 = j + n - 2, -2*n - 2*n = 5*j - 8. Suppose -x + 3*l + 56 = 0, j*l + 4*l = -2*x + 162. What are the prime factors of x?
71
Suppose -4*d - 5*i - 1 = 0, -5*d + i = 3*i + 14. What are the prime factors of d - (-5 + 4 + -132)?
3, 43
Suppose 0 = 5*w - 3*f, 2*w = -2*w + 2*f. Suppose w = 21*v - 27242 - 1150. List the prime factors of v.
2, 13
Suppose -41*o + 306 = -40*o. Let u = o + -174. List the prime factors of u.
2, 3, 11
Suppose 0*z - 4*z - 32 = 0. List the prime factors of z/(-6)*246/4.
2, 41
List the prime factors of (-456)/1254 + (-115999)/(-11).
3, 5, 19, 37
Let p = 87 + -115. What are the prime factors of 24/(-14)*p/16*14?
2, 3, 7
Let i(r) be the first derivative of 2*r**3/3 - 8*r**2 - 4*r + 1. Suppose -23*l - 29 + 328 = 0. What are the prime factors of i(l)?
2, 3, 7
Suppose 16*s = 50811 - 16475. What are the prime factors of s?
2, 29, 37
Suppose 3*n + 18 = 5*n. Let h = 122 + -88. Let q = h - n. What are the prime factors of q?
5
Let g be (-3)/3 + 4*3/4. Suppose p = -5*y - g, -6*y + 5*p - 20 = -y. Let d(h) = -148*h - 5. List the prime factors of d(y).
11, 13
Let a = -7407 + 15517. What are the prime factors of a?
2, 5, 811
Suppose 755236 + 1160065 = 89*k - 671395. List the prime factors of k.
2, 3, 7, 173
Let m(x) = 40*x**3 + 4*x**2 + 4*x + 11. Let w be m(-3). Let k = 1882 + w. What are the prime factors of k?
3, 31
Suppose 0 = -1068*y + 1078*y + 100. What are the prime factors of (1 - (-339)/(-15))/(y/850)?
2, 3, 17
List the prime factors of (2/(2 + 45/(-25)))/(2/5263).
5, 19, 277
List the prime factors of -1*(-2 + -23286)/8.
41, 71
Let p(i) = -i**2 - 6*i + 36. Let y be p(4). What are the prime factors of (3365/(-10))/(2/y)?
673
Suppose 5*a = -20, 0 = 5*x - 4*a + 6*a - 587. Let y = x - 109. List the prime factors of y.
2, 5
Suppose m - 7 = 109. Suppose 0 = -3*s + 91 + m. What are the prime factors of s?
3, 23
Let v(p) = -13*p + 260. Let f be v(20). Supp